w(-15).
-1186
Let m(x) = -960*x + 29649. Give m(31).
-111
Let b(n) = n**3 - 22*n**2 - 184*n + 4788. Give b(22).
740
Let h(w) = 4*w**3 + 28*w**2 - 143*w - 998. Give h(-7).
3
Let o(z) = 4105*z - 20593. Give o(5).
-68
Let f(l) = -50*l**2 - 164*l + 353. What is f(-5)?
-77
Let p(c) = 3*c**2 + 688*c + 10242. Determine p(-16).
2
Let s(t) = 590*t - 31896. What is s(56)?
1144
Let q(p) = -3*p**3 - 138*p**2 - 870*p - 31. What is q(-38)?
-1627
Let l(n) = -548*n + 237854. Determine l(434).
22
Let n(k) = 940*k + 85405. What is n(-94)?
-2955
Let d(p) = -4*p**2 + 7623*p + 30526. Give d(-4).
-30
Let f(g) = -3*g**2 + 772*g + 16530. Calculate f(278).
-706
Let b(x) = 10941*x**2 + 98499*x + 265. Calculate b(-9).
-5
Let z(n) = 20552*n + 122941. Determine z(-6).
-371
Let k(x) = 17657*x + 1306622. Give k(-74).
4
Let a(p) = -p**2 - 17*p + 1865. Give a(35).
45
Let b(a) = -a**3 - 41*a**2 - 70*a + 162. Determine b(-39).
-150
Let k(s) = -186*s + 3603. Calculate k(15).
813
Let g(x) = -x**2 + 1963*x - 255215. Calculate g(140).
5
Let i(k) = 5*k**2 - 29249*k + 2450042. Give i(85).
2
Let c(i) = 2*i**3 - 388*i**2 + 863*i - 18228. Determine c(192).
12
Let d(p) = -1695*p - 137282. Give d(-81).
13
Let w(f) = 75517*f - 3926881. Determine w(52).
3
Let y(q) = q**3 - 10*q**2 - 149*q - 11. Determine y(15).
-1121
Let q(a) = 1890*a + 14885. What is q(-8)?
-235
Let d(g) = 2*g**2 - 187*g - 516. Give d(102).
1218
Let k(c) = 36*c**3 + 8*c**2 + 3*c - 14. Determine k(1).
33
Let s(g) = 4*g**3 - 2*g**2 + 35*g + 526. Give s(-6).
-620
Let o(b) = 136689*b + 546757. What is o(-4)?
1
Let x(o) = 31*o**2 + 2327*o - 932. Determine x(-75).
-1082
Let z(h) = 5*h**3 + 684*h**2 - 237*h - 13702. Give z(-137).
-2
Let i(h) = 2*h**2 + 263*h - 3753. What is i(13)?
4
Let b(y) = -2223*y + 836. Give b(1).
-1387
Let x(h) = -530*h + 3334. Give x(7).
-376
Let d(k) = k**3 - 120*k**2 + 5*k - 7246. What is d(120)?
-6646
Let l(h) = -128*h + 8879. Determine l(83).
-1745
Let g(x) = -x**2 + 618381*x + 4328716. Give g(-7).
0
Let o(i) = 212*i - 17090. Determine o(85).
930
Let n(h) = -35*h**2 - 28087*h - 13653. Determine n(-802).
-19
Let q(x) = -x**2 - 153*x - 8036. Calculate q(-100).
-2736
Let q(l) = -2*l**3 - 388*l**2 + 4965*l + 4373. Calculate q(-206).
47
Let l(c) = 160192*c + 640772. Determine l(-4).
4
Let f(u) = u**2 - 43235*u - 4246640. Determine f(-98).
-6
Let m(k) = -2*k**3 + 8*k**2 + 622*k + 25. What is m(17)?
3085
Let h(n) = -237*n**2 - 23721*n - 2109. Give h(-100).
-9
Let b(s) = s**3 + 120*s**2 - 152*s - 45739. Calculate b(-118).
45
Let z(y) = 20327*y**2 + 81320*y - 13. What is z(-4)?
-61
Let o(g) = -888521*g + 1777044. Give o(2).
2
Let s(i) = -i**3 - 271*i**2 - 7011*i + 103. What is s(-29)?
-100
Let d(q) = 21*q**3 + 14*q**2 - 300*q + 567. What is d(2)?
191
Let s(i) = -2187*i - 564230. Determine s(-258).
16
Let h(v) = -2*v**3 - 975*v**2 + 508*v + 9768. Determine h(-488).
8
Let d(b) = 5*b**3 - 39*b**2 + 323*b - 2519. What is d(8)?
129
Let t(d) = d**2 + 6973*d + 304750. What is t(-44)?
-126
Let c(f) = -343*f**2 - 250051*f - 2925. What is c(-729)?
-9
Let x(r) = -2*r**2 + 50219*r - 200858. What is x(4)?
-14
Let f(c) = 6*c**2 + 2177*c - 635446. What is f(-554)?
-8
Let f(b) = -9*b**3 + 430*b**2 + 97*b + 112. Determine f(48).
160
Let s(a) = 717*a**2 - 4587*a + 1671. What is s(6)?
-39
Let f(x) = 6916*x - 6163. What is f(1)?
753
Let h(x) = -217*x**2 - 1382*x - 486. Give h(-6).
-6
Let g(v) = -2*v**2 - 3132*v - 24963. Give g(-8).
-35
Let b(f) = f**2 - 299*f - 5249. Calculate b(-16).
-209
Let v(j) = -6*j**2 - 1693*j - 33041. What is v(-21)?
-134
Let s(l) = 17*l**3 + 3*l**2 + 2926*l + 8775. Calculate s(-3).
-435
Let j(l) = -l**2 - 99*l - 965. Calculate j(-95).
-585
Let k(b) = 1571*b - 834218. Calculate k(531).
-17
Let a(d) = -36*d**2 + 720*d - 33. Give a(20).
-33
Let n(s) = 3329*s - 16522. Determine n(5).
123
Let z(y) = 2*y**3 - 48*y**2 - 220*y + 4348. Give z(23).
-1770
Let y(s) = -39*s**3 - 2031*s**2 - 165*s - 445. Give y(-52).
23
Let d(i) = -991243*i + 7929943. What is d(8)?
-1
Let s(v) = -v**2 + 56345*v + 37507964. What is s(-658)?
-10
Let v(w) = -81*w + 8087. Give v(97).
230
Let m(w) = 30571*w + 427826. What is m(-14)?
-168
Let b(l) = -l**2 - 57808*l + 1330107. Give b(23).
-6
Let r(x) = -319*x**2 - 1520*x + 390. What is r(-5)?
15
Let q(t) = -1459*t + 161979. Calculate q(111).
30
Let h(l) = l**3 - 172*l**2 + 5581*l + 6523. Determine h(128).
-5
Let g(i) = i**3 - 94*i**2 + 681*i + 406. Give g(86).
-196
Let r(o) = 5*o**2 + 70*o + 288. Calculate r(-4).
88
Let r(p) = 3*p**3 + 108*p**2 - 95*p + 534. Calculate r(-37).
-58
Let j(i) = 7844*i - 14534. Calculate j(2).
1154
Let u(q) = -732*q**3 - 96*q - 95. Give u(-1).
733
Let w(l) = 6*l**3 - 103*l**2 + 382*l + 145. Determine w(11).
-130
Let g(a) = 1315*a**2 - 26296*a - 3. Give g(20).
77
Let f(t) = t**3 + 34*t**2 + 234*t + 459. Give f(-27).
-756
Let d(r) = -525473*r + 525496. What is d(1)?
23
Let f(k) = k**2 - 210*k + 6186. What is f(35)?
61
Let u(i) = -i**3 + 54*i**2 - 641*i + 269. Determine u(29).
2705
Let x(u) = 41*u + 400. Give x(-10).
-10
Let w(u) = 101*u**3 - 2406*u**2 - 435*u + 90. Calculate w(24).
18
Let q(s) = s**3 - 16*s**2 - 678*s + 12138. Calculate q(20).
178
Let v(o) = 423537*o + 423529. Determine v(-1).
-8
Let z(p) = 7*p**2 - 325*p - 242. Calculate z(40).
-2042
Let u(q) = 47*q**2 + 12*q - 14. Calculate u(1).
45
Let x(r) = 4262*r - 123294. What is x(29)?
304
Let r(p) = -23*p**3 + 461*p**2 + 203*p - 4479. Give r(20).
-19
Let r(v) = 64032*v - 2561234. Determine r(40).
46
Let m(j) = -13462*j**2 + 282695*j + 30. Determine m(21).
-117
Let w(y) = -73668*y - 1694397. Calculate w(-23).
-33
Let b(g) = 5327*g - 42616. Calculate b(8).
0
Let f(o) = 2*o**3 + 10*o**2 - 2300*o - 13734. What is f(-6)?
-6
Let p(q) = -28*q**3 - 3809*q**2 - 136*q + 185. Determine p(-136).
185
Let n(h) = -4*h**2 + 5742*h - 74397. What is n(13)?
-427
Let f(r) = 158*r + 1936. Give f(-10).
356
Let k(m) = 4*m**2 - 38*m + 376. Give k(6).
292
Let m(x) = 449*x - 160818. Calculate m(358).
-76
Let y(u) = -u**3 + 553*u**2 + 638*u - 46568. Give y(554).
-32
Let u(n) = -n**3 + 120*n**2 + 1313*n - 217124. What is u(115)?
-4
Let z(i) = -193062*i - 386127. What is z(-2)?
-3
Let c(j) = j**3 - 81*j**2 - 90*j - 1907. Calculate c(83).
4401
Let o(a) = 15*a**2 - 255*a - 1644. Determine o(-6).
426
Let k(c) = 23*c**3 + 566*c**2 + 1331*c + 143. What is k(-22)?
-99
Let g(o) = -2*o**3 - 7*o**2 - 129*o + 302. Calculate g(2).
0
Let k(l) = -l**3 - 88*l**2 + 900*l + 64778. What is k(-90)?
-22
Let p(m) = -607*m + 12559. Calculate p(21).
-188
Let k(g) = 134*g**2 + 8435*g - 65614. What is k(7)?
-3
Let d(u) = -187*u**2 + 11977*u - 636. What is d(64)?
-60
Let n(p) = -28*p**2 - 50*p + 73. Determine n(-3).
-29
Let m(c) = c**3 + 8*c**2 + 2556*c + 12714. Calculate m(-5).
9
Let m(v) = -v**2 + 286*v - 17511. What is m(89)?
22
Let j(b) = -2889*b - 551776. What is j(-191)?
23
Let h(b) = 1941*b + 11834. Determine h(-6).
188
Let y(w) = -4*w**3 + 8*w**2 - 36*w + 343. Calculate y(7).
-889
Let x(s) = -s**3 + 9*s**2 - 104760*s + 733225. Calculate x(7).
3
Let r(z) = 33*z**3 + 5*z**2 - 381*z - 1531. Determine r(-4).
-2039
Let r(j) = 4*j**3 - 67*j**2 - 123*j + 342. Calculate r(-3).
0
Let y(n) = -4*n**2 + 3510*n - 119544. Calculate y(842).
20
Let r(w) = 919*w**2 + 92820*w + 114. Calculate r(-101).
13
Let i(v) = 3*v**2 + 70*v - 1786. Determine i(-37).
-269
Let p(r) = -21622*r + 2205438. Calculate p(102).
-6
Let c(n) = -4*n**3 + 87*n**2 - 53*n - 210. Give c(21).
0
Let t(l) = 3372*l + 86404. Calculate t(-26).
-1268
Let j(n) = n**3 - 24*n**2 + 69*n - 305. Determine j(19).
-799
Let g(o) = -87*o**2 - 141*o - 552. Give g(-4).
-1380
Let d(x) = 2*x**3 + 19*x**2 + 842*x + 9165. What is d(-11)?
-460
Let i(z) = -53944*z - 1132819. What is i(-21)?
5
Let v(x) = -78*x**2 + 1117*x + 37844. Determine v(-16).
4
Let f(k) = -35571*k + 22836586. Determine f(642).
4
Let u(c) = c**2 + 387*c + 12423. Calculate u(-35).
103
Let z(f) = -142446*f - 142399. Calculate z(-1).
47
Let u(q) = 5988*q - 1251495. Calculate u(209).
-3
Let d(g) = 9*g**3 + 250*g**2 - 93*g - 1079. Calculate d(-28).
-43
Let v(d) = -d**2 - 390*d + 4214. What is v(10)?
214
Let i(u) = -3*u**2 - 984*u - 15895. Calculate i(-311).
-34
Let a(q) = -1169*q + 593. Determine a(1).
-576
Let j(o) = 351*o - 5449. What is j(19)?
1220